b - 3*b + 30 = 0. Suppose -2*z - b = -0*z. Let u(a) = 17*a + 11. Let o(d) = 37*d + 24. Let v(q) = -6*o(q) + 13*u(q). Calculate v(z).
4
Let n(c) = c**2 - 9*c + 8. Let l be n(8). Let h(o) be the third derivative of o**5/60 - o**4/24 + 2*o**3/3 - 2*o**2. Determine h(l).
4
Let s(t) be the third derivative of t**5/60 - t**4/24 + t**3/3 + 165*t**2. Give s(-4).
22
Let t(l) = -3*l - 2. Suppose -10*y + 20 = -6*y. Suppose y*d + 66 = 16*d. Give t(d).
-20
Let l(p) = -3*p - 1. Let v(g) = g**3 - 6*g**2 + 3*g + 4. Let t be v(5). Let x = 9 + t. Suppose -4 + x = i. What is l(i)?
2
Let x(z) = z**3 + 10*z**2 + 9*z + 21. Let u be x(-9). Suppose 3*t - u = -3*g, -4*g - 2*t = -5*t. Let s(d) = 2*d**2 + d - 3. Calculate s(g).
18
Let y(r) = -2*r + 1. Let w be (-7)/(1 + 0/1). Let t(x) be the first derivative of -x**2/2 + x + 118. Let m(u) = w*t(u) + 4*y(u). What is m(6)?
-9
Let s = 1232 + -1235. Let b(r) = -r**2 - 9*r - 20. Determine b(s).
-2
Let p(t) be the first derivative of -3*t**2/2 + 12*t - 23. Calculate p(11).
-21
Let f(n) be the first derivative of -n**3/3 - 8*n**2 - 27*n + 371. Calculate f(-12).
21
Let t(o) be the second derivative of -o**5/20 + 2*o**2 + 47*o. What is t(0)?
4
Let q(v) = 37*v - v**3 - 18*v - 9*v**2 - 28*v - 8. Determine q(-8).
0
Let a(u) be the third derivative of -u**4/24 - 2*u**3/3 + 60*u**2. What is a(3)?
-7
Let r be -4 - 1/(2/(-4)) - -2. Let j(y) = 12*y - 9*y + 4 + r*y**3 - y**3 - 7*y**2. Give j(-7).
-17
Let m(x) = -x**2 - 7*x. Let t be m(-6). Let p(y) = 3*y**3 - 52*y**2 + 3*y + 9. Let h(w) = w**3 - 18*w**2 + w + 3. Let v(c) = -17*h(c) + 6*p(c). Determine v(t).
9
Let f = -50 - -56. Suppose f*j - 5*j + 3 = 0. Let d(i) = 12*i + 6. Let h(s) = -6*s - 3. Let v(u) = 2*d(u) + 5*h(u). Calculate v(j).
15
Let m(w) = 306*w**2 - 152*w**2 - 2 - 155*w**2 + 4*w. What is m(3)?
1
Let d(y) = y**3 + 6*y**2 + y + 8. Suppose -5*k + b - 26 = -205, 0 = 5*k - 4*b - 191. Suppose -4*x - k + 11 = 0. Calculate d(x).
2
Let l = 896 - 894. Let b(m) = 7*m. Calculate b(l).
14
Let v(p) = p**3 - 19*p**2 + 19*p - 18. Let y be v(18). Let w(s) be the second derivative of 4*s**2 - 1/6*s**3 + 2*s - 1/12*s**4 + 0. Determine w(y).
8
Suppose -17 = -9*k - 35. Let u(f) = -2*f + 4*f - 3*f. Calculate u(k).
2
Let h(q) = 3*q + 9. Let n(b) = 6 - 11*b + 24*b + 29. Let v = -2 + -7. Let o(u) = v*h(u) + 2*n(u). What is o(-7)?
-4
Let j(i) = 5*i**2 - 8*i - 1. Let v(r) = -r**2 - r. Let h(t) = -t**2 - 13*t. Let m(c) = h(c) - 6*v(c). Let z(n) = 3*j(n) - 4*m(n). Calculate z(2).
-15
Let g(n) = n**2 + 21*n - 26. Let c be 22*9/(-9 - 0). Give g(c).
-4
Let m(t) be the first derivative of t**4/4 - 7*t**3/3 + 7*t**2/2 - 2*t + 169. Let u = -2 - -5. Suppose w + 17 = 2*d, d + 3*w + u = -d. Determine m(d).
4
Let n(o) = 157*o - 78*o - 84*o - o**2 - 1. What is n(-6)?
-7
Let o(j) = -j + 37. Let x be o(38). Let r(u) = -u + 1. Give r(x).
2
Let t(m) = -9*m - 8. Let p(q) = 8*q + 8. Let l = -6 + 1. Let v(h) = l*t(h) - 6*p(h). Let n be 1/(-4) + (-138)/24. Calculate v(n).
10
Let u be (2 - 5) + 3 - (-6)/(-3). Let z(p) be the second derivative of 0 - 1/6*p**4 - 1/20*p**5 + 0*p**2 + 1/6*p**3 - 2*p. What is z(u)?
-2
Let d(c) = -31*c - 6. Let z(g) = 16*g + 3. Let k(y) = -4*d(y) - 9*z(y). Give k(-2).
37
Let k(c) = -c**3 - 12*c**2 + 13. Let p be 20/75*-10*(-18)/(-4). Determine k(p).
13
Let a(d) be the first derivative of -2*d + 3/2*d**2 - 2. Let g(c) = 7*c - 5. Let f(o) = 5*a(o) - 2*g(o). Calculate f(3).
3
Suppose -5*s - 17 - 4 = -4*i, -4*i = -16. Let f(h) = 4*h**2 - 2*h - 2. Determine f(s).
4
Let l(q) be the second derivative of q**5/20 + q**4/3 + q**3/2 - 2*q**2 - 7*q. Let r be (-10 + -2)*10/(-15). Suppose 0 = -x - 2, -4*z - 4*x = r + 12. Give l(z).
-4
Let p(k) = k**3 - 4*k**2 - 5*k + 4. Suppose 5*g + 3*m - 140 = -m, 5*g = 3*m + 105. Suppose -i + w + 2*w = -g, w + 23 = 2*i. Let v = i - 4. What is p(v)?
4
Let c(n) = n - 3. Suppose -5*y - 5*y + 60 = 0. Let r = 1 - 4. Let i be (r + 3)*(-2)/y. Give c(i).
-3
Let u(i) = 27*i - 9*i - 8*i + 8 - 8*i - 2. Determine u(-2).
2
Let i(g) = g**2 - 2*g - 6. Let f be 758/8 - (-9)/36. Let s = -99 + f. Give i(s).
18
Let z(g) be the third derivative of g**5/60 + 5*g**4/12 + 2*g**3/3 + 219*g**2. Determine z(-4).
-20
Let p = -12 + 10. Let b be p/(-1 + -1)*-3. Let n(m) = -m**3 - m**2 - 6*m + 7. Let f(c) = 2*c**3 + c**2 + 13*c - 15. Let y(i) = 3*f(i) + 7*n(i). Give y(b).
4
Let s(v) = -v**2 - 3*v - 1. Let y(r) = r + 6. Let z be y(-9). Let j be 18/(-1) + 1 - z. Let h = j - -10. Give s(h).
-5
Let m(g) = -2*g + 1. Suppose 5*p + i = 367, p + 5*i - 375 = -4*p. Let a = 75 - p. Calculate m(a).
-3
Let s be 22/(-242) + 135/33. Let r(z) = -3*z**2 - z + 1. Give r(s).
-51
Suppose -14 = -5*s + 1. Let t(b) = -9 - 2*b - b**3 - 473*b**2 + 482*b**2 + s*b. Calculate t(9).
0
Let o(j) be the first derivative of j**2/2 - 3*j - 290. Determine o(-6).
-9
Suppose -2*i = -4*n - 18, -3*i + n + 22 = i. Let z(u) = -3*u**2 - 30*u - 1. Let c(v) = 2*v**2 + 24*v + 2. Let q(b) = 4*c(b) + 3*z(b). What is q(i)?
10
Let l(p) = -p**3 + 6*p**2 + 12. Suppose 0 = 19*b + 76 - 190. Calculate l(b).
12
Let u(b) = -b**2 - 12*b + 67. Let l be u(-16). Let v(t) = -6*t + 12. What is v(l)?
-6
Suppose -6*g + 109 - 19 = 0. Suppose 0 = 12*o - 15*o - g. Let l(n) = -n**2 - 7*n - 6. What is l(o)?
4
Let j(m) = -m + 4295 + 4284 - 8579. Calculate j(-3).
3
Let o(p) = -p**2 + 7*p - 11. Let b(h) = -3*h**2 - 40*h - 7. Let w be b(-13). Calculate o(w).
-5
Let a(w) = -w + 9. Suppose 0 = 10*n - 12*n + 32. Suppose -b = 4*i - n, 4*b + 0 = 4*i + 4. Suppose -y - 18 = -b*y. What is a(y)?
3
Let i(q) = q**3 + 5*q**2 + 5*q + 2. Let s(j) = 4*j**3 + 3*j**2 + 3*j**2 + 1 - 5*j**3. Let a be s(6). Let g be (-1 - a/2)*2. What is i(g)?
5
Let d be (2/3)/(34/255). Let s(f) = f**3 - 7 + 0*f**3 + 0*f**3 - 6*f**2 + 8*f + 4. What is s(d)?
12
Let y(v) = 2 + v**2 - 1 + 2 + 1 - 5*v. Let x be y(4). Let d(j) = 2*j**2 - 3*j**2 - j + 0*j + 0*j**2 + 1. Calculate d(x).
1
Let f(h) = h - 48. Let d be f(45). Let o(i) = -8*i - 2. Give o(d).
22
Let b(w) = 10*w**2 - 88*w + 25*w - 12 - w**3 + 25*w + 30*w. Calculate b(9).
-3
Let j be 15*(350/(-15))/(-7). Let q be 5/(j/4)*-5. Let c(d) = 2*d - 1. Determine c(q).
-5
Let m be 1/1*(-15 + 9). Let d(g) = 4*g + 19. Let c be d(m). Let n(j) = 3 + 2*j + 0*j + 0. Determine n(c).
-7
Let m(d) = -d**3 - 6*d**2 - d - 7. Let w be ((-6)/5)/(7/35). Calculate m(w).
-1
Suppose 2*o - 24 = -16. Let p(k) = -5*k - 1. Let x(a) = -33*a + 1. Let b(r) = -8*r. Let s(q) = -9*b(q) + 2*x(q). Let d(u) = o*p(u) + 3*s(u). Give d(3).
-4
Let s = -7 - -9. Let b(m) = -m - s*m + 2 + 2*m. Suppose 3*o - 9 - 9 = 0. Determine b(o).
-4
Let x = 10 + 1. Suppose 5*b - 20 = 0, -4*l + 25 = 5*b - x. Let p(d) = -l*d - 5*d**3 + 14*d**2 - 11*d**2 + 6*d**3 - 4. What is p(-4)?
-4
Let g(v) = 44 - 46 - 4*v + 7*v. Calculate g(3).
7
Suppose 4*n = -2*f - 34, 5*n + f = 6*f - 5. Let h = -2 + 8. Let g(y) = -3*y**2 - 2 + 2*y**2 - 10*y - h. Give g(n).
16
Let g(h) be the third derivative of h**5/60 + 5*h**4/24 + h**2. Suppose 9*d = 32*d + 115. Calculate g(d).
0
Suppose 3*v - 4*o - 40 = -17, -2*v + 3*o = -17. Let d(k) = -10*k**3 + 2*k**2 - 2*k + 1. Calculate d(v).
-9
Let t(h) = -h**2 - 7*h - 4. Suppose -2 = q - 2*q. Suppose 0 = -o - 0*o + q*k + 16, o = k + 14. Let r(p) = p - 17. Let s be r(o). What is t(s)?
6
Let j(f) = f**2 + 7*f + 11. Suppose -64 = 16*k - 8*k. Determine j(k).
19
Let h(j) be the third derivative of -7*j**4/24 + 7*j**2. Suppose 6*l = 3*z + l - 6, 4*l - 3 = 5*z. Determine h(z).
21
Let f(r) = 4*r**3 - 10*r**2 - 5*r - 5. Let k(c) be the first derivative of 3/4*c**4 - 5/2*c**2 - 5*c - 1 - 3*c**3. Let t(a) = 4*f(a) - 5*k(a). Determine t(-4).
1
Let f = 19 - 15. Let r(m) = -14*m + 5. Let h(d) = 15*d - 5. Let q(y) = 6*h(y) + 7*r(y). Let k(p) = -7*p + 4. Let b(t) = f*k(t) - 3*q(t). Calculate b(2).
-7
Let m = 2 + 3. Let s = m + 15. Suppose -3*r + s = r. Let z(u) = u**2 - 6*u + 6. What is z(r)?
1
Let d(b) be the first derivative of 7*b**3/3 + 3*b**2/2 + 2*b + 213. What is d(-3)?
56
Let u(g) = 1604*g - 11 - 1603*g + 6 + 6 - 7*g**3. Suppose -z = 2*z + 3. Give u(z).
7
Let z(b) = -5*b**3 + 8*b**2 + 31*b + 9. Let q(m) = 2*m**3 - 5*m**2 - 15*m - 5. Let t(s) = 7*q(s) + 3*z(s). Calculate t(-10).
12
Let w be (-27)/(-12)*(-20)/105*-14. Let x(o) = -o**2 + 4*o - 2. Give x(w).
-14
Let k = -1691/6 + 282. Let a(x) be the third d